of (-2 - (-2 - 1)) + (-1 - 2)?
-2
Calculate 3 + 6 + -2 + -5.
2
Evaluate (4 - 0) + (-3 - 0).
1
-1 + (1 + -2 - 1)
-3
Evaluate (-1 - -3) + -5 + (5 - 9).
-7
What is the value of -6 + -7 + 14 - 0?
1
What is 5 + -1 + -1 - 5?
-2
What is (1 - 11) + -19 + (28 - 8)?
-9
Evaluate -15 + 38 + -15 - (11 + 1).
-4
What is the value of (-1 - (-2 - 0)) + 2?
3
What is the value of 0 + 3 + -5 + 2 + -3?
-3
Evaluate -2 + (-1 - (-1 - -2)).
-4
199 + -198 + (-1 - -7)
7
What is the value of (2 - 5) + 10 + (5 - 7)?
5
-3 + 0 + 7 + 2 + -5
1
What is the value of -1 - (2 - 3) - -4?
4
-11 - (3 + -12 - 4)
2
What is -6 - (3 - (-5 - -22))?
8
What is the value of 0 + -2 - (3 + -1)?
-4
What is the value of 12 + -18 + (1 - -1 - -3)?
-1
Calculate -6 - (0 - -3 - -1 - 8).
-2
Calculate -3 - -2 - (25 - 22).
-4
What is 1 + 1 + -7 - (31 - 43)?
7
What is -1 + (9 - -2) + 7 + -15?
2
What is the value of (-5 - 11 - -14) + -2?
-4
Calculate -3 + 10 + (0 - 5).
2
Evaluate (25 + -6 - 13) + -2.
4
-3 + (-1 - -2) - -4
2
Evaluate 8 - 0 - (-3 + 7).
4
Evaluate (0 - (-6 + 3)) + -2.
1
Evaluate 3 + (12 - 16) + 0 + -1.
-2
What is the value of 57 - 47 - (-1 + 20)?
-9
Calculate 5 - (-5 - (-5 + 0)).
5
What is the value of 1 - (2 - -1) - (-3 + 2)?
-1
What is 1 + (-5 + 4 - 5)?
-5
Calculate 2 + -2 - 4 - -6.
2
What is the value of 6 + -6 + (-5 - (-1 + 1))?
-5
What is the value of 0 - (-2 - (0 - (3 + 0)))?
-1
Calculate (26 - 31) + (-5 - -2 - -3).
-5
What is 3 + -9 + 6 + 1 - 1?
0
Calculate (-10 - 1) + -11 + 16.
-6
Calculate 1 + (-1 - 2) + 2.
0
What is -7 + 0 - (-1 + -4)?
-2
What is the value of (-2 - (-3 + 4)) + 8?
5
Evaluate 2 + -2 + 0 + 1 + 0.
1
What is the value of (-1 + 5 - (6 + -3)) + 5?
6
What is the value of (-6 - -1) + 8 + 15 - 7?
11
(2 - -1) + 1 + (2 - 11)
-5
(-4 - 3) + (4 - 0)
-3
Evaluate -4 + (-1 - -7) + -2 + -5.
-5
Evaluate -1 - -1 - (3 - -2).
-5
Evaluate (-2 - (1 - 14)) + (229 - 237).
3
Calculate (-4 - (2 + 1 + -5)) + 5.
3
Calculate 1 - 6 - (28 - 36).
3
Evaluate 0 - 1 - ((-3 - 0) + 3).
-1
Evaluate (6 + -3 + -5 - -4) + 2.
4
What is the value of (-5 + 3 - -3) + 3?
4
What is 0 + -5 + (4 - (7 + -2))?
-6
What is the value of 2 + 1 + 13 + -16 + -1?
-1
Calculate (0 - 5) + (-91 - -91).
-5
Evaluate 5 + (4 - (5 - (-3 - -4))).
5
Evaluate 24 - (-4 - (-27 + 9)).
10
Evaluate (4 - (13 - 11)) + 9.
11
Calculate 0 + -2 + 3 + -3 + 2.
0
-4 + 0 + (-2 - 2 - -13)
5
Evaluate (0 - 2) + 9 + -4 - -1.
4
What is -5 - (5 + -11 + 7 + -2)?
-4
Evaluate 0 + (-3 - 0) + (169 - 167).
-1
Calculate 3 - (-9 - -2) - 2.
8
Evaluate 89 + -96 + -1 + 8.
0
Evaluate 4 - 22 - (-4 - 3) - -7.
-4
What is (1 - 5) + (9 - 2)?
3
Evaluate -3 + (6 - 4) + 0.
-1
What is the value of (-1 - 0 - 0) + -66 + 73?
6
What is 1 + -3 + 1 + -1?
-2
Calculate 2 - (7 - 16) - 15.
-4
(-1 - -2) + 3 + 1
5
31 + -28 + -6 + -1 - 5
-9
What is the value of 4 + (1 - (-3 - -2)) - 3?
3
What is -4 + 1 + -1 + (4 - -2)?
2
Evaluate 2 - (0 - ((4 - 3) + -7)).
-4
What is the value of 0 + (-2 + 15 - 5) - 5?
3
4 + 2 - (5 + -1)
2
What is the value of -13 + (4 - 7 - -10)?
-6
Evaluate 4 - ((2 - 6) + (-5 - -12)).
1
Calculate -4 - (-5 + (1 - -2)).
-2
What is -10 + -7 + (10 - -2)?
-5
19 + -13 - 13 - (-17 - -2)
8
Calculate 2 + (-8 - -7 - 3).
-2
What is the value of -1 + -8 + 5 - (12 - 22)?
6
16 + -8 + 2 - (2 + 1)
7
What is the value of 17 + -12 + 6 - (4 + -2)?
9
What is the value of 0 + (6 - 12) + 3 - -5?
2
Evaluate 1 + -1 - 4 - (-26 + 27).
-5
Evaluate -5 + 12 + -7 + 2 + 4.
6
What is (-7 - (-8 + 4)) + 3?
0
What is 4 + 0 + -3 + -5?
-4
What is the value of -3 + 0 + 5 + -10 + 6?
-2
Calculate 0 - 3 - (8 - 20).
9
-4 + 1 + (2 - (3 - 9))
5
0 - (-3 - (2 - (-3 - -13)))
-5
What is the value of -6 - ((9 - 5) + -9)?
-1
Evaluate -2 + 1 - 2 - (-20 + 18).
-1
Evaluate 3 + (7 - (-3 - -5)) - 6.
2
Evaluate 2 - ((7 - -1) + -3 + 2).
-5
What is 8 + -2 + -3 + 1?
4
(-10 - 2) + 25 - 5
8
Evaluate 0 + -7 + (5 - -2).
0
What is the value of 5 + -2 + -1 + -4?
-2
Calculate -2 + 9 + -5 + 0.
2
Calculate 5 - (1 - (-5 + 4 + 0)).
3
Calculate -4 - -1 - -1 - -1.
-1
What is the value of -8 - -11 - 16 - (-5 + -3)?
-5
Calculate 5 - (1 - (5 - 5)).
4
-7 - (0 + -3) - -4 - -6
6
What is the value of (11 - (13 - 4)) + -2 + 4?
4
What is 3 - (0 + 5) - (4 + -7)?
1
-5 + 1 - (2 - (-3 + 6))
-3
What is the value of -3 - (-3 - (6 - 7))?
-1
What is the value of 1 + 2 + (-9 + 2 - -1)?
-3
Evaluate 0 + (1 - (-5 + 11 + 0)).
-5
What is the value of -7 + 7 - ((-3 - -11) + -2)?
-6
Evaluate -8 + -1 + 5 + -4 + 2.
-6
0 + -1 + -2 - 3
-6
What is the value of -2 + 2 - (4 + -3 + 5)?
-6
-7 - (-2 + -2 - (-21 + 21))
-3
Calculate -4 + -4 - (4 + 2 - 8).
-6
What is 22 + -7 + -3 + -6?
6
What is -7 + (-7 - -14 - 0) + 9?
9
What is (-2 - 0) + 0 + (0 - -4)?
2
Evaluate 0 - (-6 - (-1 + 0)).
5
3 + -9 + 0 + 3
-3
What is the value of -2 + (0 - (-2 - -1)) - 4?
-5
-5 + -1 - (32 + -33)
-5
Calculate 1 + -6 + 1 + 1 + -2.
-5
(0 - -3) + -5 + 3
1
What is the value of -4 - -4 - (2 - 0)?
-2
Calculate 93 - 78 - (9 + -2).
8
What is the value of 7 + -17 - (-2 + -12)?
4
Evaluate 4 - -1 - 1 - (9 - -2).
-7
What is 1 - ((-4 - 2) + 3 + 14)?
-10
Calculate -1 + 0 + -3 - -4.
0
6 - 0 - (20 + -18)
4
15 + -9 - -2 - 0
8
What is -7 + (-4 - -9) + 3?
1
What is the value of 1 + 6 + (-13 + 5 - -8)?
7
6 + (24 + -29 - (0 + -5))
6
Calculate 4 + -3 + -1 + (-7 - -8).
1
What is the value of (-1 - (-3 + 3)) + -4?
-5
(0 + 4 - 4) + 4
4
Evaluate -1 + 2 - (6 + (4 - 6)).
-3
Calculate 1 + -6 + 1 + 2.
-2
Evaluate 1 - (8 - (-3 - -11)).
1
Calculate 7 - (2 + 14 + -13).
4
Calculate -3 + (1 - (-7 - -11)).
-6
What is 1 + (-7 - 5) + 5 - 1?
-7
(5 - 8 - 2) + 0 + 8
3
Calculate (-4 - -3 - 0) + 3.
2
Evaluate 8 - (0 + (2 - -4)).
2
-6 + -7 + 7 + 6
0
Evaluate -5 - (10 + 1 - 6).
-10
Calculate 12 + -2 - (-8 - -16).
2
2 + (0 - 0) - (-8 + 5)
5
1 + (-1 - (5 + -6)) - 5
-4
Evaluate 8 - -10 - 9 - 1.
8
What is 9 + -9 - 1 - (-1 - -5)?
-5
Evaluate 12 - (11 + (10 - 1)).
-8
What is -2 - (2 + -1 + -3)?
0
Evaluate -1 + 1 + -2 + (1 - 0).
-1
-21 + 17 + 3 + -4 + 3
-2
What is the value of (1 - -3) + 3 + -3?
4
Calculate -7 + (-3 - -11) + 0.
1
What is 0 - (-4 + -4 + 7)?
1
Calculate 1 - 4 - (5 + (1 - 4)).
-5
-7 + (3 - 0) + 1
-3
What is the value of 1 + 1 + -3 + 4 + -1?
2
What is the value of (-5 - 3) + 20 + -17?
-5
2 + 0 + (4 - (2 + -1))
5
Evaluate 0 + (-17 + 12 - -10).
5
Evaluate -3 + 1 - 1 - (-3 - -3).
-3
-9 + 10 + -4 - -11
8
Calculate 2 - (-1 + 4) - -4.
3
Evaluate 4 - (4 + -6) - 1.
5
5 + -6 - (-5 + 2)
2
6 - (6 + (-12 - 1) + 7)
6
(-1 + 0 - 2) + 49 + -49
-3
What is the value of -3 - ((5 - 9) + 1) - 3?
-3
Calculate 0 - (-6 - (5 + -10)).
1
Evaluate -1 - -5 - 5 - -4.
3
-2 - (0 + -5 + 5) - 1
-3
Evaluate (-4 - -5) + -1 + -5.
-5
-4 + 0 - (-7 + 3)
0
Calculate 2 - (11 + 7 + -5 + -3).
-8
What is (6 - 0) + -17 + (-3 - -12)?
-2
Calculate (-5 + 3 - -4) + (7 - 1).
8
-9 + -3 + 7 + 6
1
What is 3 - (-4 - -3 - -2 - 8)?
10
7 + (3 + -6 - 4) + -6
-6
Calculate (1 - (-2 - -4 - 1)) + 5.
5
What is the value of -22 - -5 - -16 - (0 + -2)?
1
What is the value of -2 - (3 + -2 - 2) - -4?
3
Calculate 8 + -4 + -5 - 5.
-6
What is the value of 2 + -4 + -8 - -14?
4
Calculate (-1 - (-2 - 1)) + (19 - 18).
3
Evaluate -2 + ((-6 - -3) + 2 - 1).
-4
2 - (-2 + 2 + 6)
-4
Evaluate -4 + (3 - (3 + -5 + 2)).
-1
What is (11 - 8 - (1 + -3)) + -4?
1
What is (-6 - -4) + 7 + -4?
1
Evaluate -3 + (-1 - 4 - (-16 - -7)).
1
What is 39 - 36 - ((-2 - -1) + 0)?
4
(6 - 5) + (2 - 3) + 0
0
What is (3 + 3 - (3 - 0)) + 3?
6
What is the value of (-5 - (-4 + 2)) + (0 - -6)?
3
What is 4 + -11 + 5 + 3?
1
-2 + (-2 - (-5 - -4))
-3
Evaluate 50 + -49 - (-3 - (1 - -1)).
6
What is the value of (4 - (16 - 9)) + 2?
-1
-3 + (0 + -3 - -4) + 3
1
-11 + (2 - -6) - (2 - -1)
-6
-1 - (1 + (-5 - -1))
2
Calculate -5 - (5 - 11) - -5.
6
Evaluate -7 - ((2 - 8) + (0 - 6)).
5
What is the value of -15 - (-4 - 7) - 3?
-7
Calculate -5 - ((-1 - 4) + 4).
-4
Calculate (14 - 8 - 7) + 1 + 4.
4
Evaluate 0 + -3 + 4 + 0.
1
Evaluate -8 + 0 + 0 - -6.
-2
-8 - (3 - -7 - 5 - 8)
-5
(-2 - (-12 - -4)) + -3
3
5 + (-5 - -5) + -4
1
What is -6 - (-5 - -7 - 4 - 2)?
-2
What is -79 + 76 - (4 + (0 - 1))?
-6
What is -7 + 2 + 0 - (1 + -1)?
-5
What is -4 + (-2 + (3 - -2) - 2)?
-3
Calculate 3 - (-2 - -1 - -4 - 5).
5
What is (12 - 2) + -19 + 11?
2
Evaluate -9 + 4 - -4 - -4.
3
What is -13 + 2 - (0 - 0 - 4)?
-7
What is the value of 5 + 3 + 3 + -14?
-3
Evaluate (6 - 1) + -9 - 0 - -7.
3